12 - 2*l**3/3 + 13*l. What is z(-6)?
-12
Suppose -13 + 1 = 6*y. Let p(h) = 0*h**2 + 0 + 2 + 2*h**3 + 2*h**2. What is p(y)?
-6
Let x(p) = 139*p**2 - p**3 - p - 140*p**2 + 0*p**3 - 1. Determine x(0).
-1
Let l(f) = -f - 1. Let x(h) = -3*h - 15. Let j(s) = -2*l(s) + x(s). Let u(b) = 1. Let w(d) = j(d) + 5*u(d). Calculate w(-4).
-4
Let z(c) be the second derivative of 0 - 1/6*c**3 + c - 4*c**2. Suppose 1 = a, 10 = -4*g + g - 5*a. What is z(g)?
-3
Suppose -5*p = -3*p - 2*i + 4, 2*i - 19 = -3*p. Let r(m) = -3*m + p*m + 3 - 2*m + 3*m. Determine r(4).
7
Suppose 7*r = r + 6. Let x(t) be the third derivative of 0*t**4 + 1/6*t**3 - 7/60*t**5 - t**2 + 0 + 0*t. Determine x(r).
-6
Suppose 19 = 3*k - 5*d, 4*k = -2*d + 7*d + 22. Let f(q) be the first derivative of q**4/4 - 2*q**3/3 - q**2/2 - 3*q - 3. What is f(k)?
3
Let q(l) be the third derivative of -7*l**6/120 + l**5/30 - l**4/12 + l**3/6 - l**2. Suppose 8 = 5*x - 7. Let v(b) = b**2 - 2*b - 2. Let t be v(x). Give q(t).
-6
Let o be (4/(-1))/(-3 - -1). Suppose 5*x = 5*p - 5, 6 = -5*x + o*x. Let z(t) = -2*t**3 - t**3 - t - 2*t**2 + 0*t**2. Calculate z(p).
2
Let j be (-1 - -5) + -2 + -2. Suppose 0*z + z - 2 = j. Let u(s) = -1 - s**2 - 2*s**2 - s - s + 4*s**2. Calculate u(z).
-1
Let s(m) = m**2 - 6*m - 4. Suppose 52 = -o + 59. What is s(o)?
3
Let z be ((-6)/(-2) - 0)/1. Let x(h) = -4*h + 1. Let v(r) = 6*r - 1. Let g(f) = 5*v(f) + 8*x(f). Give g(z).
-3
Let w(d) be the third derivative of -d**6/120 - d**5/15 + d**4/24 - d**3/3 - 3*d**2. What is w(-4)?
-6
Let m(k) = -k**3 - 4*k**2 + k + 4. Let z(t) = t**3 + 8*t**2 + 3*t + 21. Let y be z(-8). Determine m(y).
-8
Let x(g) = 4*g - 3. Let b = -5 + 9. Suppose -b*u = -6*u + 6. Determine x(u).
9
Let h(v) = -2*v**2 + 8*v + 1. Let s(c) be the first derivative of c**3 - 8*c**2 - 3*c + 1. Let f(r) = -5*h(r) - 3*s(r). Calculate f(-5).
-11
Let v(w) = 0*w**2 + w**3 - 4*w**2 - 4*w + 2*w. Let t(g) = -g**3 + 2*g**2 - 1. Let z be t(1). Suppose z = c - 4. Calculate v(c).
-8
Let i be -1 + 2 + 0 + 5. Let n(r) = -i*r - 4 - 5*r + 2 + 1. Calculate n(-1).
10
Let c(d) = d - 12. Suppose 5*l = -p + 39, 4*l - p + 0*p = 24. Give c(l).
-5
Let m(x) = 3*x + 23. Let y(t) = -t - 8. Let g(o) = -6*m(o) - 17*y(o). Let b be g(-6). Let z(s) = 3*s**2 - 5 + b*s + s**2 - 5*s**2 + 2*s. Calculate z(4).
3
Suppose 0 = 5*p, 3*p - 2*p = -5*u + 55. Suppose -2*y - u = 1. Let q(h) = h**2 + 8*h + 7. What is q(y)?
-5
Suppose -4*h = h. Let p(k) = k + 6. What is p(h)?
6
Let v = -13 - -3. Let s be 4/(-8) - v/4. Let a(r) = -6 - 6*r - 2*r**s + 0*r**2 - 3*r**2 + 4*r**2. Give a(-5).
-1
Suppose -2*m = 3*p - 2*p - 3, 2*p - 3*m = -8. Let c(q) = -57*q**2 + 97*q**2 - 4*q**3 - 39*q**2. What is c(p)?
5
Let w(r) = 10*r + 16. Let x(i) = -3*i - 5. Let v(z) = -5*w(z) - 16*x(z). Give v(5).
-10
Let k(l) = -l + 7. Let z = -42 + 36. Calculate k(z).
13
Let z(v) = -2 + 2 + 3 + 4 - 3*v. Let s(o) = 4*o + 1 + o**2 - 4*o. Let w be s(-2). Calculate z(w).
-8
Let q(y) = -14*y**2 - 3*y + 8. Let v(s) = -5*s**2 - s + 3. Let j(r) = 3*q(r) - 8*v(r). Determine j(1).
-3
Let b = 118 + -117. Let d(v) = v. What is d(b)?
1
Let t(d) = -3*d**2 - 15*d + 14. Let j = -8 + 16. Let w(m) be the first derivative of -m**3/3 - 5*m**2/2 + 5*m - 2. Let g(h) = j*w(h) - 3*t(h). Calculate g(-4).
-6
Let p(a) = -3*a + 1. Suppose 2*r - 16 = -i - 2, i - 4 = 0. Suppose -2*d + 0*f = 3*f + 7, -r*d - 2*f - 1 = 0. Calculate p(d).
-2
Let f(o) = -1 + 0 + 4 - 2*o + o**2. Let x be 1/(-4) + (-52)/(-16). Suppose 4*d + x*t - 17 = 6*t, 5*t + 19 = 2*d. What is f(d)?
3
Let w(m) be the first derivative of -m**2/2 - 2*m + 7. Determine w(7).
-9
Let t(w) = -3*w + 3. Let s be (2 - 24/9)*-3. Let j be t(s). Let i(f) = -f**3 - 3*f**2 + 3*f + 2. Calculate i(j).
-7
Suppose 2*r - 9 = 1. Let t(o) = -3*o**3 + r*o**3 - 2 - o**3 + o. What is t(2)?
8
Let c be 0/(-3)*3/(-6). Suppose c = -w - 0*w. Let r(y) = 8*y**2 + 11*y - 32. Let n(z) = -3*z**2 - 4*z + 11. Let a(t) = 11*n(t) + 4*r(t). What is a(w)?
-7
Let f(s) be the second derivative of -17*s**3/6 - s**2/2 - 11*s. Calculate f(-1).
16
Let t(i) = i**2 + 6*i + 6. Suppose 0*b - b = 0. Suppose b = -c - 4*c. Suppose 0 = -2*m - c*m - 12. Calculate t(m).
6
Let j(g) be the third derivative of -g**4/24 + 5*g**3/6 - 8*g**2. What is j(4)?
1
Let j be (-1)/(-1)*2 + 3. Let f(p) = -5*p - 3. Let h(n) = 4*n + 2. Let k(d) = j*f(d) + 6*h(d). What is k(-3)?
0
Let v(s) = -s**2 - 5*s + 3. Let h be v(-5). Let d(j) = 4*j - 2*j**2 - 8*j - j**3 + 1 + 7*j**2. What is d(h)?
7
Let q(s) = -15 + 2*s - 1 + 0*s + 23. Suppose -5*i - 71 - 9 = 0. Let w = i - -10. Give q(w).
-5
Let z(n) be the third derivative of -n**8/1680 + n**7/2520 + n**6/720 + n**5/120 - n**4/24 + 2*n**2. Let d(v) be the second derivative of z(v). Give d(-1).
5
Let h(y) = y**3 - 7*y**2 + 6*y - 2. Let n be (-1)/(-3)*(6 - 39). Let a(z) = z + 17. Let u be a(n). Give h(u).
-2
Let c(b) be the first derivative of -3*b - 1/3*b**3 - 5 - 3*b**2. Let r be -1 - 2/1 - 2. Give c(r).
2
Let c = 10 + -8. Suppose 2*m = 3*q, -q - 3*m = m. Let n = c - q. Let w(x) = x**3 - 2*x + 1. Give w(n).
5
Let j(l) be the third derivative of -l**6/120 + l**4/12 - l**3/3 + 9*l**2. Let z = -48 - -34. Let x be (-4)/z + (-12)/(-7). Give j(x).
-6
Let b(o) = -28*o**3 + 27*o**3 - 6 + 1 - 2. Let z be (1 - 1)*(0 - -1). Give b(z).
-7
Let y(h) be the third derivative of h**5/60 + h**4/8 + h**3/6 + 2*h**2. Let k be y(-3). Let b(i) = i - k + 0*i + i. What is b(-1)?
-3
Let k(j) be the third derivative of 11*j**6/120 - j**5/30 + j**3/6 - 4*j**2. Give k(1).
10
Let n be (12/2)/((-6)/15). Let p = n - -14. Let s(g) = 5*g**3 + g**2 - 1. Calculate s(p).
-5
Let a(o) be the first derivative of 4 + o**2 - 2*o**2 - o + 2. Determine a(-5).
9
Let t(v) = v - 5. Let r = -9 + 14. Suppose 3*k = -r*s + 15, 0*s + 5*k = 4*s - 49. Give t(s).
1
Suppose 5*y = 6*y - 5. Let n(m) = m**2 - 4*m - 6. What is n(y)?
-1
Let o(b) = b**2 + 2*b - 2. Let a(s) = -s - 8. Let k be a(-10). Suppose 2 = f - k*f. Let d be (-1*2)/(1 + f). Calculate o(d).
6
Let g(u) = u**3 + u**2 - 5*u - 3. Suppose 0 = -2*t - 1 - 5. What is g(t)?
-6
Let b(t) = 2*t**3 - t. Let q be 2 - (6 - -2 - -3). Let g be (-6)/q*-3 - -1. Let r be (-1 + g - 0) + 1. Determine b(r).
-1
Let p(v) be the first derivative of v**2 + 9*v + 9. Determine p(-6).
-3
Let c(v) = -5 + 42*v + v**2 + 1 - 42*v. Let a = -1 + 1. What is c(a)?
-4
Let l(o) = o**2 + 6*o. Suppose 2*d + 8 = -4. Let f(t) = -t - 3*t + 2 - t**2 + 5. Let v be f(d). What is l(v)?
-5
Suppose -a - p - p = 12, 3*p + 28 = -4*a. Let v be (21/(-14))/(3/a). Let h(o) = -1 + 2*o**3 + o + 9 - 10 + 4*o**v. Calculate h(-2).
-4
Let u(q) = 3*q**2 - 9*q + 9. Let z(k) = -3*k**2 + 10*k - 10. Let w(m) = -7*u(m) - 6*z(m). Suppose -4*g + 3*p = 4 - 3, 0 = -4*g + p + 5. Calculate w(g).
-9
Let f(g) = 4*g**2 + 0*g**3 + 3*g**3 - 2 + g - 4*g**3 + 2*g**3. Let p(j) = j + 1. Let n be (10/(-8))/(3/12). Let c be p(n). Determine f(c).
-6
Let v(d) = -2*d - 3 + 9*d**2 + 7*d + 1. Let u(c) = -5*c**2 - 3*c + 1. Let i(b) = -7*u(b) - 4*v(b). Determine i(3).
-5
Let m(c) = -3*c - 1 - 4*c**2 + 5*c**2 - 2*c. Let k(f) = 2*f**2 - 3. Let u be k(3). Suppose 1 + u = 4*n. Determine m(n).
-5
Let l(t) be the second derivative of -t**2/2 + t. Let i(q) = q - 1. Let v(x) = -x**2 + 4*x - 3. Let g be v(4). Let a(b) = g*l(b) + 4*i(b). Calculate a(2).
7
Let g(y) = 5*y**3 + y**2 - 9*y + 6. Let n(a) = -6*a**3 - 2*a**2 + 10*a - 6. Let o(m) = 5*g(m) + 4*n(m). What is o(4)?
2
Let g(j) be the first derivative of -4 - 9*j + 7/2*j**2 - 1/3*j**3. Determine g(6).
-3
Suppose 0 = -2*k - 5*h - 10, 5*k - h - 2 = -0*h. Suppose 0 = -0*j + 4*j - 20. Let x(v) = -v + k + 0*v + j. What is x(5)?
0
Let r = 6 - 16. Let y = r - -9. Let o(h) = -2*h - 2. Let g(c) = -c - 1. Let j(q) = 7*g(q) - 3*o(q). What is j(y)?
0
Let g(j) = -12*j**2 + 26*j + 14. Let c(q) = -4*q**2 + 9*q + 5. Let m(z) = 17*c(z) - 6*g(z). Calculate m(2).
11
Let u(a) = -6*a**3 - 4*a - a + 0*a + 6*a. Calculate u(1).
-5
Let o(q) = 6 + q + 0*q - 26*q**3 + 27*q**3 + 0. Calculate o(0).
6
Let s(i) = i**2 + 2*i - 3. Let q(c) = -c**2 - 10*c + 6. Let l be q(-9). Suppose 6*u = u - l. Determine s(u).
0
Let f(z) = 12 - 4 - 9 - 2*z - 5. What is f(-6)?
6
Let f = 7 + -6. Let p(g) = 6*g + f + 4 - 1 - 3. Suppose 3*r = 5*t - 2, 0 = -t - r - 3*r + 5. Give p(t).
7
Let c(v) = v**2 - 3*v - 3. Let o(n) = -3*n**2 + 9*n + 10.